mainder when 1577 is divided by 1547.
30
Calculate the remainder when 283161 is divided by 35389.
49
Calculate the remainder when 2611849 is divided by 11.
9
What is the remainder when 5997 is divided by 498?
21
What is the remainder when 532 is divided by 515?
17
Calculate the remainder when 71376 is divided by 830.
826
Calculate the remainder when 6502182 is divided by 1179.
1176
Calculate the remainder when 30377 is divided by 55.
17
Calculate the remainder when 45543 is divided by 5058.
21
What is the remainder when 2147950 is divided by 1226?
1224
Calculate the remainder when 3754 is divided by 1233.
55
Calculate the remainder when 117622 is divided by 8.
6
Calculate the remainder when 1113 is divided by 840.
273
What is the remainder when 408249 is divided by 17010?
9
What is the remainder when 49163 is divided by 62?
59
What is the remainder when 20033 is divided by 3994?
63
Calculate the remainder when 49973 is divided by 23.
17
Calculate the remainder when 8899 is divided by 1778.
9
What is the remainder when 17341 is divided by 114?
13
Calculate the remainder when 127557 is divided by 23.
22
Calculate the remainder when 12482 is divided by 194.
66
What is the remainder when 24778 is divided by 57?
40
Calculate the remainder when 9841 is divided by 46.
43
What is the remainder when 69215 is divided by 3144?
47
Calculate the remainder when 5103 is divided by 845.
33
What is the remainder when 37397 is divided by 34?
31
Calculate the remainder when 75630 is divided by 411.
6
Calculate the remainder when 2092 is divided by 37.
20
Calculate the remainder when 3338 is divided by 536.
122
What is the remainder when 357 is divided by 30?
27
What is the remainder when 51122 is divided by 104?
58
Calculate the remainder when 55092 is divided by 98.
16
What is the remainder when 2230 is divided by 416?
150
What is the remainder when 550067 is divided by 134?
131
Calculate the remainder when 2091 is divided by 1693.
398
What is the remainder when 530 is divided by 17?
3
What is the remainder when 752078 is divided by 243?
236
Calculate the remainder when 301330 is divided by 15.
10
Calculate the remainder when 1821995 is divided by 198.
197
Calculate the remainder when 10599 is divided by 953.
116
Calculate the remainder when 13739830 is divided by 8.
6
Calculate the remainder when 4679 is divided by 8.
7
Calculate the remainder when 4020 is divided by 500.
20
Calculate the remainder when 77078 is divided by 10.
8
Calculate the remainder when 2671423 is divided by 25.
23
What is the remainder when 52271 is divided by 7465?
16
What is the remainder when 1065 is divided by 40?
25
Calculate the remainder when 215140 is divided by 21.
16
Calculate the remainder when 10033 is divided by 45.
43
Calculate the remainder when 3808 is divided by 760.
8
What is the remainder when 1072 is divided by 840?
232
What is the remainder when 727117 is divided by 305?
302
Calculate the remainder when 2760 is divided by 78.
30
Calculate the remainder when 7767 is divided by 3760.
247
What is the remainder when 51422 is divided by 187?
184
What is the remainder when 1143826 is divided by 12?
10
Calculate the remainder when 8707 is divided by 67.
64
Calculate the remainder when 3138 is divided by 715.
278
What is the remainder when 344586 is divided by 197?
33
What is the remainder when 164039 is divided by 14902?
117
Calculate the remainder when 190255 is divided by 3.
1
What is the remainder when 6498 is divided by 25?
23
What is the remainder when 285664 is divided by 17?
13
What is the remainder when 945 is divided by 69?
48
What is the remainder when 13998 is divided by 60?
18
Calculate the remainder when 379786 is divided by 6.
4
What is the remainder when 328 is divided by 163?
2
Calculate the remainder when 10362 is divided by 64.
58
What is the remainder when 1402 is divided by 801?
601
Calculate the remainder when 15546 is divided by 16.
10
What is the remainder when 59083 is divided by 45?
43
What is the remainder when 22623 is divided by 174?
3
What is the remainder when 88674 is divided by 1137?
1125
What is the remainder when 6411 is divided by 10?
1
What is the remainder when 24521 is divided by 45?
41
What is the remainder when 143994 is divided by 917?
25
What is the remainder when 42592 is divided by 190?
32
What is the remainder when 1789 is divided by 177?
19
Calculate the remainder when 139651 is divided by 276.
271
Calculate the remainder when 11631 is divided by 3732.
435
Calculate the remainder when 133169 is divided by 26632.
9
What is the remainder when 278821 is divided by 10324?
73
What is the remainder when 2711 is divided by 885?
56
Calculate the remainder when 56918 is divided by 745.
298
Calculate the remainder when 953138 is divided by 134.
130
What is the remainder when 8208 is divided by 4082?
44
What is the remainder when 45970 is divided by 22982?
6
What is the remainder when 39773 is divided by 9940?
13
What is the remainder when 18884 is divided by 18559?
325
Calculate the remainder when 36480 is divided by 1920.
0
Calculate the remainder when 7681 is divided by 1515.
106
What is the remainder when 10100 is divided by 7?
6
What is the remainder when 502630 is divided by 72?
70
What is the remainder when 805 is divided by 156?
25
What is the remainder when 187127 is divided by 7195?
57
Calculate the remainder when 19333 is divided by 102.
55
Calculate the remainder when 2804 is divided by 607.
376
What is the remainder when 59257 is divided by 29271?
715
Calculate the remainder when 5794 is divided by 1883.
145
What is the remainder when 544376 is divided by 12?
8
What is the remainder when 3599 is divided by 453?
428
Calculate the remainder when 346453 is divided by 611.
16
What is the remainder when 637609 is divided by 987?
7
What is the remainder when 3657 is divided by 13?
4
Calculate the remainder when 44210 is divided by 982.
20
Calculate the remainder when 57086 is divided by 20.
6
Calculate the remainder when 1911 is divided by 134.
35
What is the remainder when 7113 is divided by 2112?
777
What is the remainder when 6655 is divided by 1031?
469
What is the remainder when 135898 is divided by 20?
18
What is the remainder when 250578 is divided by 134?
132
Calculate the remainder when 80611 is divided by 159.
157
What is the remainder when 8846 is divided by 316?
314
Calculate the remainder when 26065 is divided by 33.
28
What is the remainder when 2019597 is divided by 765?
762
Calculate the remainder when 3972 is divided by 1977.
18
What is the remainder when 11262 is divided by 161?
153
What is the remainder when 1833 is divided by 149?
45
Calculate the remainder when 1728 is divided by 566.
30
What is the remainder when 11358 is divided by 142?
140
Calculate the remainder when 3976 is divided by 7.
0
Calculate the remainder when 29758 is divided by 354.
22
Calculate the remainder when 2609 is divided by 113.
10
Calculate the remainder when 50914 is divided by 980.
934
What is the remainder when 2684 is divided by 195?
149
What is the remainder when 2566 is divided by 103?
94
Calculate the remainder when 11326 is divided by 5637.
52
What is the remainder when 121428 is divided by 736?
724
Calculate the remainder when 12219 is divided by 98.
67
Calculate the remainder when 1591 is divided by 90.
61
What is the remainder when 260912 is divided by 1787?
10
What is the remainder when 23779 is divided by 5?
4
Calculate the remainder when 30044 is divided by 12.
8
Calculate the remainder when 6937 is divided by 3424.
89
Calculate the remainder when 5959 is divided by 5936.
23
What is the remainder when 250480 is divided by 383?
381
Calculate the remainder when 369601 is divided by 47.
40
Calculate the remainder when 337872 is divided by 4.
0
Calculate the remainder when 4397 is divided by 121.
41
Calculate the remainder when 16012 is divided by 23.
4
Calculate the remainder when 168007 is divided by 345.
337
Calculate the remainder when 12390 is divided by 2050.
90
Calculate the remainder when 93905 is divided by 958.
21
What is the remainder when 2383 is divided by 158?
13
What is the remainder when 152479 is divided by 50815?
34
What is the remainder when 917 is divided by 26?
7
What is the remainder when 6033 is divid